{"id":26,"date":"2021-08-11T16:55:49","date_gmt":"2021-08-11T16:55:49","guid":{"rendered":"http:\/\/lecturafacilcantabria.tunegocioonline.es\/?page_id=26"},"modified":"2023-07-17T18:00:38","modified_gmt":"2023-07-17T18:00:38","slug":"que-es","status":"publish","type":"page","link":"https:\/\/lecturafacilcantabria.org\/?page_id=26","title":{"rendered":"Qu\u00e9 es la Lectura F\u00e1cil"},"content":{"rendered":"<h2>\u00bfQu\u00e9 es la Lectura F\u00e1cil y porqu\u00e9 es necesaria?<\/h2>\n<p>&nbsp;<\/p>\n<ul>\n<li>La Lectura F\u00e1cil es un medio para la<strong> democratizaci\u00f3n lectora<\/strong> y para el <strong>acceso a la informaci\u00f3n.<\/strong><\/li>\n<li>Se lleva a cabo mediante un conjunto de <strong>pautas y herramientas<\/strong> propuestas por organismos europeos, que permiten <strong>adaptar textos<\/strong> con el objetivo de que estos sean comprendidos por la mayor parte de la poblaci\u00f3n, <strong>sin discriminaci\u00f3n<\/strong> hacia aquellas personas que tienen dificultades en la lectoescritura.<\/li>\n<li>La Lectura F\u00e1cil va dirigida a un p\u00fablico muy amplio, ya que alrededor de <strong>70 millones de personas en Europa sufren analfabetismo funcional.<\/strong><\/li>\n<li>Las adaptaciones de textos son fundamentales para <strong>todo este rango de ciudadan\u00eda<\/strong> que var\u00eda desde personas con discapacidad intelectual, hasta personas migrantes con desconocimiento del idioma o personas mayores que tienen menor agilidad cognitiva.<\/li>\n<\/ul>\n<h5><\/h5>\n<h5><\/h5>\n<h5>!\u00a1 Adem\u00e1s, en seg\u00fan qu\u00e9 \u00e1mbitos, a todas las personas puede sernos \u00fatil la Lectura F\u00e1cil&#8230; \u00bfo siempre entendemos las cartas que nos llegan desde la Administraci\u00f3n? \u00bfEn qu\u00e9 medida se garantiza nuestro derecho a la informaci\u00f3n si los tr\u00e1mites diarios son tan complejos que no podemos ser aut\u00f3nomos\/as para realizarlos?<\/h5>\n<p>&nbsp;<\/p>\n","protected":false},"excerpt":{"rendered":"<p>\u00bfQu\u00e9 es la Lectura F\u00e1cil y porqu\u00e9 es necesaria? &nbsp; La Lectura F\u00e1cil es un medio para la democratizaci\u00f3n lectora y para el acceso a la informaci\u00f3n. Se lleva a cabo mediante un conjunto de pautas y herramientas propuestas por organismos europeos, que permiten adaptar textos con el objetivo de que estos sean comprendidos por&#8230;<\/p>\n","protected":false},"author":2,"featured_media":0,"parent":0,"menu_order":0,"comment_status":"closed","ping_status":"closed","template":"","meta":{"_kad_post_transparent":"disable","_kad_post_title":"hide","_kad_post_layout":"fullwidth","_kad_post_sidebar_id":"","_kad_post_content_style":"default","_kad_post_vertical_padding":"default","_kad_post_feature":"","_kad_post_feature_position":"","_kad_post_header":false,"_kad_post_footer":false,"footnotes":""},"class_list":["post-26","page","type-page","status-publish","hentry"],"yoast_head":"<!-- This site is optimized with the Yoast SEO plugin v27.5 - https:\/\/yoast.com\/product\/yoast-seo-wordpress\/ -->\n<title>Qu\u00e9 es la Lectura F\u00e1cil - Lectura F\u00e1cil Cantabria<\/title>\n<meta name=\"description\" content=\"La Lectura F\u00e1cil es la herramienta principal de democratizaci\u00f3n lecto-escritora.\" \/>\n<meta name=\"robots\" content=\"index, follow, max-snippet:-1, max-image-preview:large, max-video-preview:-1\" \/>\n<link rel=\"canonical\" href=\"https:\/\/lecturafacilcantabria.org\/?page_id=26\" \/>\n<meta property=\"og:locale\" content=\"es_ES\" \/>\n<meta property=\"og:type\" content=\"article\" \/>\n<meta property=\"og:title\" content=\"Qu\u00e9 es la Lectura F\u00e1cil - Lectura F\u00e1cil Cantabria\" \/>\n<meta property=\"og:description\" content=\"La Lectura F\u00e1cil es la herramienta principal de democratizaci\u00f3n lecto-escritora.\" \/>\n<meta property=\"og:url\" content=\"https:\/\/lecturafacilcantabria.org\/?page_id=26\" \/>\n<meta property=\"og:site_name\" content=\"Lectura F\u00e1cil Cantabria\" \/>\n<meta property=\"article:modified_time\" content=\"2023-07-17T18:00:38+00:00\" \/>\n<meta name=\"twitter:card\" content=\"summary_large_image\" \/>\n<meta name=\"twitter:label1\" content=\"Tiempo de lectura\" \/>\n\t<meta name=\"twitter:data1\" content=\"1 minuto\" \/>\n<script type=\"application\/ld+json\" class=\"yoast-schema-graph\">{\"@context\":\"https:\\\/\\\/schema.org\",\"@graph\":[{\"@type\":\"WebPage\",\"@id\":\"https:\\\/\\\/lecturafacilcantabria.org\\\/?page_id=26\",\"url\":\"https:\\\/\\\/lecturafacilcantabria.org\\\/?page_id=26\",\"name\":\"Qu\u00e9 es la Lectura F\u00e1cil - Lectura F\u00e1cil Cantabria\",\"isPartOf\":{\"@id\":\"https:\\\/\\\/lecturafacilcantabria.org\\\/#website\"},\"datePublished\":\"2021-08-11T16:55:49+00:00\",\"dateModified\":\"2023-07-17T18:00:38+00:00\",\"description\":\"La Lectura F\u00e1cil es la herramienta principal de democratizaci\u00f3n lecto-escritora.\",\"breadcrumb\":{\"@id\":\"https:\\\/\\\/lecturafacilcantabria.org\\\/?page_id=26#breadcrumb\"},\"inLanguage\":\"es\",\"potentialAction\":[{\"@type\":\"ReadAction\",\"target\":[\"https:\\\/\\\/lecturafacilcantabria.org\\\/?page_id=26\"]}]},{\"@type\":\"BreadcrumbList\",\"@id\":\"https:\\\/\\\/lecturafacilcantabria.org\\\/?page_id=26#breadcrumb\",\"itemListElement\":[{\"@type\":\"ListItem\",\"position\":1,\"name\":\"Portada\",\"item\":\"https:\\\/\\\/lecturafacilcantabria.org\\\/\"},{\"@type\":\"ListItem\",\"position\":2,\"name\":\"Qu\u00e9 es la Lectura F\u00e1cil\"}]},{\"@type\":\"WebSite\",\"@id\":\"https:\\\/\\\/lecturafacilcantabria.org\\\/#website\",\"url\":\"https:\\\/\\\/lecturafacilcantabria.org\\\/\",\"name\":\"Lectura F\u00e1cil Cantabria\",\"description\":\"Asociaci\u00f3n especializada en promover y difundir la Lectura F\u00e1cil en Cantabria\",\"publisher\":{\"@id\":\"https:\\\/\\\/lecturafacilcantabria.org\\\/#organization\"},\"potentialAction\":[{\"@type\":\"SearchAction\",\"target\":{\"@type\":\"EntryPoint\",\"urlTemplate\":\"https:\\\/\\\/lecturafacilcantabria.org\\\/?s={search_term_string}\"},\"query-input\":{\"@type\":\"PropertyValueSpecification\",\"valueRequired\":true,\"valueName\":\"search_term_string\"}}],\"inLanguage\":\"es\"},{\"@type\":\"Organization\",\"@id\":\"https:\\\/\\\/lecturafacilcantabria.org\\\/#organization\",\"name\":\"Lectura F\u00e1cil Cantabria\",\"url\":\"https:\\\/\\\/lecturafacilcantabria.org\\\/\",\"logo\":{\"@type\":\"ImageObject\",\"inLanguage\":\"es\",\"@id\":\"https:\\\/\\\/lecturafacilcantabria.org\\\/#\\\/schema\\\/logo\\\/image\\\/\",\"url\":\"https:\\\/\\\/lecturafacilcantabria.org\\\/wp-content\\\/uploads\\\/2021\\\/08\\\/logo-e1628705030940.png\",\"contentUrl\":\"https:\\\/\\\/lecturafacilcantabria.org\\\/wp-content\\\/uploads\\\/2021\\\/08\\\/logo-e1628705030940.png\",\"width\":1200,\"height\":675,\"caption\":\"Lectura F\u00e1cil Cantabria\"},\"image\":{\"@id\":\"https:\\\/\\\/lecturafacilcantabria.org\\\/#\\\/schema\\\/logo\\\/image\\\/\"}}]}<\/script>\n<!-- \/ Yoast SEO plugin. -->","yoast_head_json":{"title":"Qu\u00e9 es la Lectura F\u00e1cil - Lectura F\u00e1cil Cantabria","description":"La Lectura F\u00e1cil es la herramienta principal de democratizaci\u00f3n lecto-escritora.","robots":{"index":"index","follow":"follow","max-snippet":"max-snippet:-1","max-image-preview":"max-image-preview:large","max-video-preview":"max-video-preview:-1"},"canonical":"https:\/\/lecturafacilcantabria.org\/?page_id=26","og_locale":"es_ES","og_type":"article","og_title":"Qu\u00e9 es la Lectura F\u00e1cil - Lectura F\u00e1cil Cantabria","og_description":"La Lectura F\u00e1cil es la herramienta principal de democratizaci\u00f3n lecto-escritora.","og_url":"https:\/\/lecturafacilcantabria.org\/?page_id=26","og_site_name":"Lectura F\u00e1cil Cantabria","article_modified_time":"2023-07-17T18:00:38+00:00","twitter_card":"summary_large_image","twitter_misc":{"Tiempo de lectura":"1 minuto"},"schema":{"@context":"https:\/\/schema.org","@graph":[{"@type":"WebPage","@id":"https:\/\/lecturafacilcantabria.org\/?page_id=26","url":"https:\/\/lecturafacilcantabria.org\/?page_id=26","name":"Qu\u00e9 es la Lectura F\u00e1cil - Lectura F\u00e1cil Cantabria","isPartOf":{"@id":"https:\/\/lecturafacilcantabria.org\/#website"},"datePublished":"2021-08-11T16:55:49+00:00","dateModified":"2023-07-17T18:00:38+00:00","description":"La Lectura F\u00e1cil es la herramienta principal de democratizaci\u00f3n lecto-escritora.","breadcrumb":{"@id":"https:\/\/lecturafacilcantabria.org\/?page_id=26#breadcrumb"},"inLanguage":"es","potentialAction":[{"@type":"ReadAction","target":["https:\/\/lecturafacilcantabria.org\/?page_id=26"]}]},{"@type":"BreadcrumbList","@id":"https:\/\/lecturafacilcantabria.org\/?page_id=26#breadcrumb","itemListElement":[{"@type":"ListItem","position":1,"name":"Portada","item":"https:\/\/lecturafacilcantabria.org\/"},{"@type":"ListItem","position":2,"name":"Qu\u00e9 es la Lectura F\u00e1cil"}]},{"@type":"WebSite","@id":"https:\/\/lecturafacilcantabria.org\/#website","url":"https:\/\/lecturafacilcantabria.org\/","name":"Lectura F\u00e1cil Cantabria","description":"Asociaci\u00f3n especializada en promover y difundir la Lectura F\u00e1cil en Cantabria","publisher":{"@id":"https:\/\/lecturafacilcantabria.org\/#organization"},"potentialAction":[{"@type":"SearchAction","target":{"@type":"EntryPoint","urlTemplate":"https:\/\/lecturafacilcantabria.org\/?s={search_term_string}"},"query-input":{"@type":"PropertyValueSpecification","valueRequired":true,"valueName":"search_term_string"}}],"inLanguage":"es"},{"@type":"Organization","@id":"https:\/\/lecturafacilcantabria.org\/#organization","name":"Lectura F\u00e1cil Cantabria","url":"https:\/\/lecturafacilcantabria.org\/","logo":{"@type":"ImageObject","inLanguage":"es","@id":"https:\/\/lecturafacilcantabria.org\/#\/schema\/logo\/image\/","url":"https:\/\/lecturafacilcantabria.org\/wp-content\/uploads\/2021\/08\/logo-e1628705030940.png","contentUrl":"https:\/\/lecturafacilcantabria.org\/wp-content\/uploads\/2021\/08\/logo-e1628705030940.png","width":1200,"height":675,"caption":"Lectura F\u00e1cil Cantabria"},"image":{"@id":"https:\/\/lecturafacilcantabria.org\/#\/schema\/logo\/image\/"}}]}},"_links":{"self":[{"href":"https:\/\/lecturafacilcantabria.org\/index.php?rest_route=\/wp\/v2\/pages\/26","targetHints":{"allow":["GET"]}}],"collection":[{"href":"https:\/\/lecturafacilcantabria.org\/index.php?rest_route=\/wp\/v2\/pages"}],"about":[{"href":"https:\/\/lecturafacilcantabria.org\/index.php?rest_route=\/wp\/v2\/types\/page"}],"author":[{"embeddable":true,"href":"https:\/\/lecturafacilcantabria.org\/index.php?rest_route=\/wp\/v2\/users\/2"}],"replies":[{"embeddable":true,"href":"https:\/\/lecturafacilcantabria.org\/index.php?rest_route=%2Fwp%2Fv2%2Fcomments&post=26"}],"version-history":[{"count":2,"href":"https:\/\/lecturafacilcantabria.org\/index.php?rest_route=\/wp\/v2\/pages\/26\/revisions"}],"predecessor-version":[{"id":63,"href":"https:\/\/lecturafacilcantabria.org\/index.php?rest_route=\/wp\/v2\/pages\/26\/revisions\/63"}],"wp:attachment":[{"href":"https:\/\/lecturafacilcantabria.org\/index.php?rest_route=%2Fwp%2Fv2%2Fmedia&parent=26"}],"curies":[{"name":"wp","href":"https:\/\/api.w.org\/{rel}","templated":true}]}}