{"id":28,"date":"2021-08-11T16:56:54","date_gmt":"2021-08-11T16:56:54","guid":{"rendered":"http:\/\/lecturafacilcantabria.tunegocioonline.es\/?page_id=28"},"modified":"2023-07-24T20:06:15","modified_gmt":"2023-07-24T20:06:15","slug":"quienes-somos","status":"publish","type":"page","link":"https:\/\/lecturafacilcantabria.org\/?page_id=28","title":{"rendered":"Qui\u00e9nes somos"},"content":{"rendered":"<p>&nbsp;<\/p>\n<div class=\"mceTemp\">\n<p><img loading=\"lazy\" decoding=\"async\" class=\"wp-image-70\" src=\"https:\/\/lecturafacilcantabria.org\/wp-content\/uploads\/2023\/07\/FOTO-MACARENA-O.jpg\" alt=\"Macarena Burgos Trabajadora Social Experta en Derechos Humanos Presidenta y fundadora de la Asociaci\u00f3n Lectura F\u00e1cil Cantabria\" width=\"141\" height=\"141\" srcset=\"https:\/\/lecturafacilcantabria.org\/wp-content\/uploads\/2023\/07\/FOTO-MACARENA-O.jpg 163w, https:\/\/lecturafacilcantabria.org\/wp-content\/uploads\/2023\/07\/FOTO-MACARENA-O-150x150.jpg 150w\" sizes=\"auto, (max-width: 141px) 100vw, 141px\" \/> <strong style=\"font-family: var(--global-body-font-family);\">Macarena Burgos.<\/strong><span style=\"font-family: var(--global-body-font-family);\"> Trabajadora Social Experta en Derechos Humanos. Presidenta y Fundadora de Lectura F\u00e1cil Cantabria.<\/span><\/p>\n<\/div>\n<p>&nbsp;<\/p>\n<p><img loading=\"lazy\" decoding=\"async\" class=\"alignnone wp-image-117\" src=\"https:\/\/lecturafacilcantabria.org\/wp-content\/uploads\/2023\/07\/javi-foto-2-220x300.png\" alt=\"\" width=\"110\" height=\"150\" srcset=\"https:\/\/lecturafacilcantabria.org\/wp-content\/uploads\/2023\/07\/javi-foto-2-220x300.png 220w, https:\/\/lecturafacilcantabria.org\/wp-content\/uploads\/2023\/07\/javi-foto-2.png 334w\" sizes=\"auto, (max-width: 110px) 100vw, 110px\" \/> <strong>Javier V\u00e1zquez<\/strong>. Trabajador Social Experto en Econom\u00eda Social. Secretario y Co-Fundador de Lectura F\u00e1cil Cantabria.<\/p>\n<div class=\"mceTemp\">\n<p><img loading=\"lazy\" decoding=\"async\" class=\"wp-image-75\" src=\"https:\/\/lecturafacilcantabria.org\/wp-content\/uploads\/2023\/07\/csodupe-1.jpg\" alt=\"Trabajadora Social Experta en Mediaci\u00f3n Familiar Co-fundadora de Lectura F\u00e1cil Cantabria\" width=\"125\" height=\"145\" \/> <strong style=\"font-family: var(--global-body-font-family);\">Cristina Sodupe.<\/strong><span style=\"font-family: var(--global-body-font-family);\"> Trabajadora Social Experta en Mediaci\u00f3n Familiar. Tesorera y Co-fundadora de Lectura F\u00e1cil Cantabria.<\/span><\/p>\n<\/div>\n<p>&nbsp;<\/p>\n<p>Somos un equipo conformado por <strong>Trabajadoras Sociales<\/strong> con a\u00f1os de experiencia en la intervenci\u00f3n social en todo tipo de colectivos. Hemos intervenido en situaciones de emergencia social, mediaci\u00f3n, igualdad, diversidad funcional, etc.<\/p>\n<p>Durante estos a\u00f1os, hemos comprobado que <strong>la mayor\u00eda de las personas no comprende bien las situaciones que vive a nivel social, legal o de ocio<\/strong>, porque la informaci\u00f3n que se nos da desde la sociedad es compleja y no est\u00e1 dise\u00f1ada para ser entendida.<\/p>\n<p>Esto <strong>impide su desarrollo personal y social<\/strong> y coarta el derecho a la informaci\u00f3n y a la participaci\u00f3n en sociedad.<\/p>\n<p>Por ello, y en vista de que no exist\u00eda una entidad dedicada a ello \u00edntegramente, decidimos formarnos en <strong>Lectura F\u00e1cil<\/strong>\u00a0y poner en marcha este proyecto con el objetivo de fomentar que todas las personas tengamos el <strong>derecho de acceder a toda la informaci\u00f3n.<\/strong><\/p>\n<p>Pertenecemos a la <strong>Red Nacional de Lectura F\u00e1cil<\/strong>, que cuenta con asociaciones en casi cada Comunidad Aut\u00f3noma del territorio.<\/p>\n<p><img loading=\"lazy\" decoding=\"async\" class=\"alignnone wp-image-80\" src=\"https:\/\/lecturafacilcantabria.org\/wp-content\/uploads\/2023\/07\/imagen-logo-red-lf_wjNhf39-300x217.jpg\" alt=\"\" width=\"176\" height=\"127\" srcset=\"https:\/\/lecturafacilcantabria.org\/wp-content\/uploads\/2023\/07\/imagen-logo-red-lf_wjNhf39-300x217.jpg 300w, https:\/\/lecturafacilcantabria.org\/wp-content\/uploads\/2023\/07\/imagen-logo-red-lf_wjNhf39-768x555.jpg 768w, https:\/\/lecturafacilcantabria.org\/wp-content\/uploads\/2023\/07\/imagen-logo-red-lf_wjNhf39.jpg 772w\" sizes=\"auto, (max-width: 176px) 100vw, 176px\" \/><\/p>\n","protected":false},"excerpt":{"rendered":"<p>&nbsp; Macarena Burgos. Trabajadora Social Experta en Derechos Humanos. Presidenta y Fundadora de Lectura F\u00e1cil Cantabria. &nbsp; Javier V\u00e1zquez. Trabajador Social Experto en Econom\u00eda Social. Secretario y Co-Fundador de Lectura F\u00e1cil Cantabria. Cristina Sodupe. Trabajadora Social Experta en Mediaci\u00f3n Familiar. Tesorera y Co-fundadora de Lectura F\u00e1cil Cantabria. &nbsp; Somos un equipo conformado por Trabajadoras Sociales&#8230;<\/p>\n","protected":false},"author":2,"featured_media":0,"parent":0,"menu_order":0,"comment_status":"closed","ping_status":"closed","template":"","meta":{"_kad_post_transparent":"default","_kad_post_title":"hide","_kad_post_layout":"default","_kad_post_sidebar_id":"","_kad_post_content_style":"default","_kad_post_vertical_padding":"default","_kad_post_feature":"","_kad_post_feature_position":"","_kad_post_header":false,"_kad_post_footer":false,"footnotes":""},"class_list":["post-28","page","type-page","status-publish","hentry"],"yoast_head":"<!-- This site is optimized with the Yoast SEO plugin v27.3 - https:\/\/yoast.com\/product\/yoast-seo-wordpress\/ -->\n<title>Qui\u00e9nes somos - Lectura F\u00e1cil Cantabria<\/title>\n<meta name=\"robots\" content=\"index, follow, max-snippet:-1, max-image-preview:large, max-video-preview:-1\" \/>\n<link rel=\"canonical\" href=\"https:\/\/lecturafacilcantabria.org\/?page_id=28\" \/>\n<meta property=\"og:locale\" content=\"es_ES\" \/>\n<meta property=\"og:type\" content=\"article\" \/>\n<meta property=\"og:title\" content=\"Qui\u00e9nes somos - Lectura F\u00e1cil Cantabria\" \/>\n<meta property=\"og:description\" content=\"&nbsp; Macarena Burgos. Trabajadora Social Experta en Derechos Humanos. Presidenta y Fundadora de Lectura F\u00e1cil Cantabria. &nbsp; Javier V\u00e1zquez. Trabajador Social Experto en Econom\u00eda Social. Secretario y Co-Fundador de Lectura F\u00e1cil Cantabria. Cristina Sodupe. Trabajadora Social Experta en Mediaci\u00f3n Familiar. Tesorera y Co-fundadora de Lectura F\u00e1cil Cantabria. &nbsp; Somos un equipo conformado por Trabajadoras Sociales...\" \/>\n<meta property=\"og:url\" content=\"https:\/\/lecturafacilcantabria.org\/?page_id=28\" \/>\n<meta property=\"og:site_name\" content=\"Lectura F\u00e1cil Cantabria\" \/>\n<meta property=\"article:modified_time\" content=\"2023-07-24T20:06:15+00:00\" \/>\n<meta property=\"og:image\" content=\"https:\/\/lecturafacilcantabria.org\/wp-content\/uploads\/2023\/07\/FOTO-MACARENA-O.jpg\" \/>\n<meta name=\"twitter:card\" content=\"summary_large_image\" \/>\n<meta name=\"twitter:label1\" content=\"Tiempo de lectura\" \/>\n\t<meta name=\"twitter:data1\" content=\"2 minutos\" \/>\n<script type=\"application\/ld+json\" class=\"yoast-schema-graph\">{\"@context\":\"https:\\\/\\\/schema.org\",\"@graph\":[{\"@type\":\"WebPage\",\"@id\":\"https:\\\/\\\/lecturafacilcantabria.org\\\/?page_id=28\",\"url\":\"https:\\\/\\\/lecturafacilcantabria.org\\\/?page_id=28\",\"name\":\"Qui\u00e9nes somos - Lectura F\u00e1cil Cantabria\",\"isPartOf\":{\"@id\":\"https:\\\/\\\/lecturafacilcantabria.org\\\/#website\"},\"primaryImageOfPage\":{\"@id\":\"https:\\\/\\\/lecturafacilcantabria.org\\\/?page_id=28#primaryimage\"},\"image\":{\"@id\":\"https:\\\/\\\/lecturafacilcantabria.org\\\/?page_id=28#primaryimage\"},\"thumbnailUrl\":\"https:\\\/\\\/lecturafacilcantabria.org\\\/wp-content\\\/uploads\\\/2023\\\/07\\\/FOTO-MACARENA-O.jpg\",\"datePublished\":\"2021-08-11T16:56:54+00:00\",\"dateModified\":\"2023-07-24T20:06:15+00:00\",\"breadcrumb\":{\"@id\":\"https:\\\/\\\/lecturafacilcantabria.org\\\/?page_id=28#breadcrumb\"},\"inLanguage\":\"es\",\"potentialAction\":[{\"@type\":\"ReadAction\",\"target\":[\"https:\\\/\\\/lecturafacilcantabria.org\\\/?page_id=28\"]}]},{\"@type\":\"ImageObject\",\"inLanguage\":\"es\",\"@id\":\"https:\\\/\\\/lecturafacilcantabria.org\\\/?page_id=28#primaryimage\",\"url\":\"https:\\\/\\\/lecturafacilcantabria.org\\\/wp-content\\\/uploads\\\/2023\\\/07\\\/FOTO-MACARENA-O.jpg\",\"contentUrl\":\"https:\\\/\\\/lecturafacilcantabria.org\\\/wp-content\\\/uploads\\\/2023\\\/07\\\/FOTO-MACARENA-O.jpg\",\"width\":163,\"height\":163,\"caption\":\"Macarena Burgos Trabajadora Social Experta en Derechos Humanos Presidenta y fundadora de la Asociaci\u00f3n Lectura F\u00e1cil Cantabria\"},{\"@type\":\"BreadcrumbList\",\"@id\":\"https:\\\/\\\/lecturafacilcantabria.org\\\/?page_id=28#breadcrumb\",\"itemListElement\":[{\"@type\":\"ListItem\",\"position\":1,\"name\":\"Portada\",\"item\":\"https:\\\/\\\/lecturafacilcantabria.org\\\/\"},{\"@type\":\"ListItem\",\"position\":2,\"name\":\"Qui\u00e9nes somos\"}]},{\"@type\":\"WebSite\",\"@id\":\"https:\\\/\\\/lecturafacilcantabria.org\\\/#website\",\"url\":\"https:\\\/\\\/lecturafacilcantabria.org\\\/\",\"name\":\"Lectura F\u00e1cil Cantabria\",\"description\":\"Asociaci\u00f3n especializada en promover y difundir la Lectura F\u00e1cil en Cantabria\",\"publisher\":{\"@id\":\"https:\\\/\\\/lecturafacilcantabria.org\\\/#organization\"},\"potentialAction\":[{\"@type\":\"SearchAction\",\"target\":{\"@type\":\"EntryPoint\",\"urlTemplate\":\"https:\\\/\\\/lecturafacilcantabria.org\\\/?s={search_term_string}\"},\"query-input\":{\"@type\":\"PropertyValueSpecification\",\"valueRequired\":true,\"valueName\":\"search_term_string\"}}],\"inLanguage\":\"es\"},{\"@type\":\"Organization\",\"@id\":\"https:\\\/\\\/lecturafacilcantabria.org\\\/#organization\",\"name\":\"Lectura F\u00e1cil Cantabria\",\"url\":\"https:\\\/\\\/lecturafacilcantabria.org\\\/\",\"logo\":{\"@type\":\"ImageObject\",\"inLanguage\":\"es\",\"@id\":\"https:\\\/\\\/lecturafacilcantabria.org\\\/#\\\/schema\\\/logo\\\/image\\\/\",\"url\":\"https:\\\/\\\/lecturafacilcantabria.org\\\/wp-content\\\/uploads\\\/2021\\\/08\\\/logo-e1628705030940.png\",\"contentUrl\":\"https:\\\/\\\/lecturafacilcantabria.org\\\/wp-content\\\/uploads\\\/2021\\\/08\\\/logo-e1628705030940.png\",\"width\":1200,\"height\":675,\"caption\":\"Lectura F\u00e1cil Cantabria\"},\"image\":{\"@id\":\"https:\\\/\\\/lecturafacilcantabria.org\\\/#\\\/schema\\\/logo\\\/image\\\/\"}}]}<\/script>\n<!-- \/ Yoast SEO plugin. -->","yoast_head_json":{"title":"Qui\u00e9nes somos - Lectura F\u00e1cil Cantabria","robots":{"index":"index","follow":"follow","max-snippet":"max-snippet:-1","max-image-preview":"max-image-preview:large","max-video-preview":"max-video-preview:-1"},"canonical":"https:\/\/lecturafacilcantabria.org\/?page_id=28","og_locale":"es_ES","og_type":"article","og_title":"Qui\u00e9nes somos - Lectura F\u00e1cil Cantabria","og_description":"&nbsp; Macarena Burgos. Trabajadora Social Experta en Derechos Humanos. Presidenta y Fundadora de Lectura F\u00e1cil Cantabria. &nbsp; Javier V\u00e1zquez. Trabajador Social Experto en Econom\u00eda Social. Secretario y Co-Fundador de Lectura F\u00e1cil Cantabria. Cristina Sodupe. Trabajadora Social Experta en Mediaci\u00f3n Familiar. Tesorera y Co-fundadora de Lectura F\u00e1cil Cantabria. &nbsp; Somos un equipo conformado por Trabajadoras Sociales...","og_url":"https:\/\/lecturafacilcantabria.org\/?page_id=28","og_site_name":"Lectura F\u00e1cil Cantabria","article_modified_time":"2023-07-24T20:06:15+00:00","og_image":[{"url":"https:\/\/lecturafacilcantabria.org\/wp-content\/uploads\/2023\/07\/FOTO-MACARENA-O.jpg","type":"","width":"","height":""}],"twitter_card":"summary_large_image","twitter_misc":{"Tiempo de lectura":"2 minutos"},"schema":{"@context":"https:\/\/schema.org","@graph":[{"@type":"WebPage","@id":"https:\/\/lecturafacilcantabria.org\/?page_id=28","url":"https:\/\/lecturafacilcantabria.org\/?page_id=28","name":"Qui\u00e9nes somos - Lectura F\u00e1cil Cantabria","isPartOf":{"@id":"https:\/\/lecturafacilcantabria.org\/#website"},"primaryImageOfPage":{"@id":"https:\/\/lecturafacilcantabria.org\/?page_id=28#primaryimage"},"image":{"@id":"https:\/\/lecturafacilcantabria.org\/?page_id=28#primaryimage"},"thumbnailUrl":"https:\/\/lecturafacilcantabria.org\/wp-content\/uploads\/2023\/07\/FOTO-MACARENA-O.jpg","datePublished":"2021-08-11T16:56:54+00:00","dateModified":"2023-07-24T20:06:15+00:00","breadcrumb":{"@id":"https:\/\/lecturafacilcantabria.org\/?page_id=28#breadcrumb"},"inLanguage":"es","potentialAction":[{"@type":"ReadAction","target":["https:\/\/lecturafacilcantabria.org\/?page_id=28"]}]},{"@type":"ImageObject","inLanguage":"es","@id":"https:\/\/lecturafacilcantabria.org\/?page_id=28#primaryimage","url":"https:\/\/lecturafacilcantabria.org\/wp-content\/uploads\/2023\/07\/FOTO-MACARENA-O.jpg","contentUrl":"https:\/\/lecturafacilcantabria.org\/wp-content\/uploads\/2023\/07\/FOTO-MACARENA-O.jpg","width":163,"height":163,"caption":"Macarena Burgos Trabajadora Social Experta en Derechos Humanos Presidenta y fundadora de la Asociaci\u00f3n Lectura F\u00e1cil Cantabria"},{"@type":"BreadcrumbList","@id":"https:\/\/lecturafacilcantabria.org\/?page_id=28#breadcrumb","itemListElement":[{"@type":"ListItem","position":1,"name":"Portada","item":"https:\/\/lecturafacilcantabria.org\/"},{"@type":"ListItem","position":2,"name":"Qui\u00e9nes somos"}]},{"@type":"WebSite","@id":"https:\/\/lecturafacilcantabria.org\/#website","url":"https:\/\/lecturafacilcantabria.org\/","name":"Lectura F\u00e1cil Cantabria","description":"Asociaci\u00f3n especializada en promover y difundir la Lectura F\u00e1cil en Cantabria","publisher":{"@id":"https:\/\/lecturafacilcantabria.org\/#organization"},"potentialAction":[{"@type":"SearchAction","target":{"@type":"EntryPoint","urlTemplate":"https:\/\/lecturafacilcantabria.org\/?s={search_term_string}"},"query-input":{"@type":"PropertyValueSpecification","valueRequired":true,"valueName":"search_term_string"}}],"inLanguage":"es"},{"@type":"Organization","@id":"https:\/\/lecturafacilcantabria.org\/#organization","name":"Lectura F\u00e1cil Cantabria","url":"https:\/\/lecturafacilcantabria.org\/","logo":{"@type":"ImageObject","inLanguage":"es","@id":"https:\/\/lecturafacilcantabria.org\/#\/schema\/logo\/image\/","url":"https:\/\/lecturafacilcantabria.org\/wp-content\/uploads\/2021\/08\/logo-e1628705030940.png","contentUrl":"https:\/\/lecturafacilcantabria.org\/wp-content\/uploads\/2021\/08\/logo-e1628705030940.png","width":1200,"height":675,"caption":"Lectura F\u00e1cil Cantabria"},"image":{"@id":"https:\/\/lecturafacilcantabria.org\/#\/schema\/logo\/image\/"}}]}},"_links":{"self":[{"href":"https:\/\/lecturafacilcantabria.org\/index.php?rest_route=\/wp\/v2\/pages\/28","targetHints":{"allow":["GET"]}}],"collection":[{"href":"https:\/\/lecturafacilcantabria.org\/index.php?rest_route=\/wp\/v2\/pages"}],"about":[{"href":"https:\/\/lecturafacilcantabria.org\/index.php?rest_route=\/wp\/v2\/types\/page"}],"author":[{"embeddable":true,"href":"https:\/\/lecturafacilcantabria.org\/index.php?rest_route=\/wp\/v2\/users\/2"}],"replies":[{"embeddable":true,"href":"https:\/\/lecturafacilcantabria.org\/index.php?rest_route=%2Fwp%2Fv2%2Fcomments&post=28"}],"version-history":[{"count":11,"href":"https:\/\/lecturafacilcantabria.org\/index.php?rest_route=\/wp\/v2\/pages\/28\/revisions"}],"predecessor-version":[{"id":119,"href":"https:\/\/lecturafacilcantabria.org\/index.php?rest_route=\/wp\/v2\/pages\/28\/revisions\/119"}],"wp:attachment":[{"href":"https:\/\/lecturafacilcantabria.org\/index.php?rest_route=%2Fwp%2Fv2%2Fmedia&parent=28"}],"curies":[{"name":"wp","href":"https:\/\/api.w.org\/{rel}","templated":true}]}}